ppose -143 = 4*w - 691. What are the prime factors of w?
137
Suppose 2*k + 13 = 4*i - 55, 4*k = 3*i - 51. Suppose 7 = -2*x + i. Let u(v) = v**3 - 6*v**2 + 6*v + 2. What are the prime factors of u(x)?
7
Let q = -10 + 17. Suppose -22 = -5*h - q. Let b(u) = -u**3 + 3*u**2 + 3*u - 2. List the prime factors of b(h).
7
Suppose 2*q + 0*q = 46. Suppose -q = -2*i + i. Suppose -y = n - 8, 0*n - 2*n = -y + i. What are the prime factors of y?
13
Suppose -2*x + j = -0 - 10, 3*x + 5*j - 28 = 0. Let k be 2/6 - (-28)/x. Suppose 5*o = k + 5. What are the prime factors of o?
2
Let d = -3 - -18. Let l = 5 - 3. Suppose -l*j = 3*j - d. List the prime factors of j.
3
Let g(d) = d + 33. List the prime factors of g(-17).
2
Let x be 2*(-1 + 21/6). Let i = -6 + x. List the prime factors of 5 + 2 + -1 + i.
5
What are the prime factors of ((-8)/(-4))/1*41?
2, 41
Let h(p) = -6*p - 7. What are the prime factors of h(-17)?
5, 19
Let t = 3 + 28. Suppose n - t = -m + 3*m, -5*n + 2*m + 115 = 0. What are the prime factors of n?
3, 7
Let s be ((-2)/4 - 0)*-6. Suppose s*f = -3*f + 264. What are the prime factors of f?
2, 11
Let x(c) = 4*c - 5. Let i be x(8). Suppose 3*a = 5*h + i, a - 2*a - 5*h = -29. Let t = -5 + a. What are the prime factors of t?
3
Suppose -2*i = -i + b - 144, -2*i + 4*b = -306. What are the prime factors of i?
3, 7
Let t = 18 - 9. What are the prime factors of t?
3
Let z = 13 + -10. Suppose -2*b + 23 = -z*a - 23, -4*b - 4*a + 72 = 0. List the prime factors of b.
2, 5
Let k(x) be the third derivative of -x**4/24 + 11*x**3/6 + 2*x**2. What are the prime factors of k(0)?
11
Let p = -18 - -52. What are the prime factors of p?
2, 17
Suppose -2*i + i - 4*t = -2, 3*t = -3*i + 51. Suppose -i = -4*k + 2*k. List the prime factors of k.
11
Let d be 2 + 12 + (-4)/(-2). Let r = -2 + d. List the prime factors of r.
2, 7
Suppose -4*c + 3*q + 93 = -0, -78 = -4*c - 2*q. List the prime factors of c.
3, 7
Let s = 173 - 92. List the prime factors of s.
3
Suppose -4*u + 152 = 2*q - 3*u, 0 = 2*u + 4. What are the prime factors of q?
7, 11
Let r(q) = -3*q - q - 2*q + 2*q**2. List the prime factors of r(4).
2
Suppose 4*g - 4*x - 1036 = 0, -564 = -3*g - 2*x + 198. What are the prime factors of g?
2
Let g = -1 - 0. Let r be (3/g)/(3/(-2)). Suppose r*h + h = 21. What are the prime factors of h?
7
Suppose -5 - 7 = 2*n. Let p(u) = u**2 - 2*u - 3. What are the prime factors of p(n)?
3, 5
Suppose 4*k - b = 41, -4*k - 4*b - b + 11 = 0. What are the prime factors of k?
3
Let y = -19 + 11. Let w be 93*(y/6)/(-4). Suppose -9 - w = -5*b. List the prime factors of b.
2
Let j = 25 - -41. What are the prime factors of j?
2, 3, 11
What are the prime factors of (-5 + -9)*(-2)/4?
7
Let s(r) = -20 - 6*r**2 + r**3 - 10 + 42 - 12*r. What are the prime factors of s(8)?
2, 11
Let a be (-20)/(-3)*(5 - 2). Suppose -a = -0*d - 4*d. What are the prime factors of d?
5
What are the prime factors of 2760/56 + 2*(-1)/7?
7
Suppose -5*v + 4*v + 13 = 0. Suppose 0*d - 2 = -d - 4*j, j - v = d. Let k = d - -19. What are the prime factors of k?
3
Suppose -5*r - g = 46, -r + 3*g - 33 = 3*r. Suppose -7 = -d - 13. Let f = d - r. What are the prime factors of f?
3
Let i(y) = y**3 - 2*y**2 + 2*y + 1. Let n be i(2). Let d = 1 + n. What are the prime factors of d?
2, 3
Let f(g) = g**2 - 4*g - 1. Let s be f(3). Let u(m) be the third derivative of m**5/60 - 2*m**3/3 - m**2. What are the prime factors of u(s)?
2, 3
Suppose 4*x + 26 = -3*d, 5*d + 54 = -2*x - 2*x. Let g = 21 + d. What are the prime factors of g?
7
What are the prime factors of (-2994)/(-12) + 3 + 27/(-6)?
2, 31
Let r(w) = -2*w**3 + 7*w**2 - 2*w + 3. What are the prime factors of r(-4)?
251
Suppose 0 = -3*z + 55 + 11. What are the prime factors of z?
2, 11
Let s be ((-40)/16)/(2/4). Let h = s + 19. List the prime factors of h.
2, 7
Let f be (-2)/4 - (-15)/(-10). Let c(n) = -n**3 - 2*n**2 + n - 1. Let r be c(-2). List the prime factors of (r/f)/(3/8).
2
Let a(f) = 6*f + 2. Let c(n) = n - 1. Let w(t) = -a(t) + c(t). What are the prime factors of w(-3)?
2, 3
List the prime factors of (390/(-25))/(4/(-30)).
3, 13
Let n = -33 + 68. List the prime factors of n.
5, 7
Suppose f - 3 + 0 = 0. Suppose -f*b = -4*b. List the prime factors of 2 + (b - 0 - -2).
2
Suppose 5*i - 2 = 18. Suppose -3*n + 12 = -i*y - 12, 5*y = 15. List the prime factors of n.
2, 3
Let q(f) = 4*f - 15. Let n be 21 - 8 - (-1 - -4). List the prime factors of q(n).
5
Suppose 2*u = 4*z + 18, 2*u + 0 - 3 = -z. Let w(o) = -o**3 + 9*o**2 + 10. Let s be w(9). Let h = s - u. List the prime factors of h.
7
Let k be (-1*2*4)/(-1). Let n = k + -4. Suppose s + 45 = i + 4*i, -n*i - 5*s + 36 = 0. List the prime factors of i.
3
Suppose 2*l = -2*l + 12. Suppose -2*u - u + 24 = 2*b, -4*u + 36 = l*b. List the prime factors of b.
2, 3
Let p = -34 + 65. What are the prime factors of p?
31
Let t(d) = -37*d - 2. What are the prime factors of t(-1)?
5, 7
Let p(n) = -1 - 5*n + 8*n - 2. List the prime factors of p(2).
3
Suppose 7*v - 4*h + 1 = 4*v, -2*v - 2 = -3*h. Let r(p) = p**2 - 4*p - 3. Let z be r(v). Suppose q + 0 = 3*f - 21, f + z*q = 14. List the prime factors of f.
2
Let f(k) = 7*k**3 + 1. List the prime factors of f(1).
2
List the prime factors of (-130)/(-3) - (-1)/(-3).
43
Suppose -d - d + 70 = 2*k, -3*k = -3*d + 99. List the prime factors of d.
2, 17
Let p(j) = j**3 + 9*j**2 - 2*j + 1. What are the prime factors of p(-8)?
3
Suppose -4*r + 16 = 3*f, r - 8 = -4*f + 9. Let t = 2 + r. What are the prime factors of t?
3
Let v = 3 - 3. Suppose v = -10*d + 6*d + 48. List the prime factors of d.
2, 3
Let z = -4 + 6. List the prime factors of ((-1)/(-2))/(z/24).
2, 3
Let z be ((-12)/14)/(3/21). Let t = z - -21. List the prime factors of t.
3, 5
Let h be (-2)/(-2) + 5 + -2. Suppose h*j = -m + 53, 3*j + 6*m - 30 = 2*m. List the prime factors of j.
2, 7
Let r(g) = -g + 5. Let s be r(4). Let a = s - -2. Suppose -a*i = i - 36. List the prime factors of i.
3
List the prime factors of 1/(10/(-4)) + (-1394)/(-10).
139
Let x = 1 + 3. Suppose x*u - 4*q = -4 - 0, 5*q = -4*u + 41. Suppose -u*d = -y - 8, -y - 2*y = 2*d - 32. What are the prime factors of y?
2
Let i(y) = y**3 - 1 + 0*y**2 + 4*y**2 + 2*y + 0*y**2 + 3. Let v be i(-2). Let b = 0 + v. List the prime factors of b.
2, 3
Let i = 7 - 2. Let g = -37 + 54. Let f = g - i. What are the prime factors of f?
2, 3
Let s = -6 - -5. Let g be 0/(-2) - (s + -2). List the prime factors of 5*((-21)/15 + g).
2
Suppose -6*z = -3*z - 108. List the prime factors of z.
2, 3
Suppose -5*w + 0*w - 3*h + 3 = 0, -h = -4*w + 16. Let a(c) = w*c**2 - c**2 + 5*c**2. What are the prime factors of a(1)?
7
Suppose -2*p - 2*p + 200 = 0. Suppose -38 = -2*g - 3*g - 3*k, -5*k - p = -3*g. List the prime factors of g.
2, 5
Let u(v) = -7*v**3 - 1. Let s be u(1). Let h = 2 + 11. Let y = s + h. What are the prime factors of y?
5
Let v be (0 - 2)/((-11)/22). Suppose 5*s = v*s + 4. List the prime factors of s.
2
Let m be ((-20)/30)/(4/(-102)). Let z = m + -11. Suppose 2*n - z*n + 40 = -3*s, -2*n = 3*s - 20. What are the prime factors of n?
2, 5
Suppose -4*i - 3*c + 954 = 223, 4*c - 186 = -i. What are the prime factors of i?
2, 7, 13
Suppose -5*l + 13 = 4*r, 0 = -5*r - l + 4*l + 44. List the prime factors of r.
7
Let h(k) = -k**3 - 10*k**2 - k - 1. Let b(m) = 11*m + 1. Let t be b(-1). What are the prime factors of h(t)?
3
Suppose -12 = 3*c - 5*j, -5*c - 7 = 2*j + 13. What are the prime factors of c/6 - (-29)/3?
3
Let h(o) = -4*o**3 - 5*o**2 - 4*o + 1. Let g(s) = -3*s**3 - 4*s**2 - 3*s + 1. Let n(j) = -3*g(j) + 2*h(j). List the prime factors of n(3).
47
Suppose 4*m + 322 + 342 = 4*k, -2*m = -4*k + 658. List the prime factors of k.
163
Let f be (18/(-4))/((-9)/96). Suppose d - f = -3*d. What are the prime factors of d?
2, 3
Let z(q) = q**2 + 3*q + 4. Let c = 5 - 10. List the prime factors of z(c).
2, 7
Suppose 0 = 3*v - 11 + 2. Suppose -z = -v*z + 72. List the prime factors of z.
2, 3
Let w = 7 + 2. Let j be -12 - 5/((-15)/w). What are the prime factors of (-12)/8*(-1 + j)?
3, 5
Suppose 5*c - 45 = -4*a + 32, -5*c - a + 83 = 0. List the prime factors of c.
17
Let q be (-8 + 7)/(2/(-34)). Let j = 18 + q. List the prime factors of j.
5, 7
Suppose 0 = 2*d - 5*j - 218, -3*d + 7*j = 2*j - 332. List the prime factors of d.
2, 